{"id":22851,"date":"2021-09-29T16:24:31","date_gmt":"2021-09-29T16:24:31","guid":{"rendered":"https:\/\/museobarrioelmorro.cl\/?page_id=22851"},"modified":"2021-09-29T16:26:20","modified_gmt":"2021-09-29T16:26:20","slug":"blog-morro","status":"publish","type":"page","link":"https:\/\/museobarrioelmorro.cl\/index.php\/blog-morro\/","title":{"rendered":"Blog Morro"},"content":{"rendered":"<section class=\"wpb-content-wrapper\"><section data-vc-full-width=\"true\" data-vc-full-width-init=\"false\" data-vc-stretch-content=\"true\" class=\"vc_row wpb_row vc_row-fluid  vc_custom_1508303512015 top-space pofo-stretch-content\"><div class=\"wpb_column vc_column_container vc_col-sm-12  col-xs-mobile-fullwidth\"><div class=\"vc_column-inner  no-column-padding\"><div class=\"wpb_wrapper\"><div class=\"pofo-blog-personal\"><div class=\"blog-post blog-post-style4\"><ul class=\"blog-grid gutter-small blog-post-gutter\"><li class=\"grid-sizer col-md-3 col-sm-6 col-xs-12 \"><\/li><li class=\"grid-item blog-style8-1 padding-5px-all col-md-3 col-sm-6 col-xs-12 \"><div class=\"post-23077 post type-post status-publish format-standard has-post-thumbnail hentry category-postcategory\"><figure><div class=\"blog-img bg-extra-dark-gray\"><a href=\"https:\/\/museobarrioelmorro.cl\/index.php\/2021\/11\/24\/asilo-infancia\/\"><img loading=\"lazy\" decoding=\"async\" width=\"800\" height=\"650\" src=\"https:\/\/museobarrioelmorro.cl\/wp-content\/uploads\/2021\/11\/asilo.jpg\" class=\"attachment-full size-full wp-post-image\" alt=\"\" title=\"\" srcset=\"https:\/\/museobarrioelmorro.cl\/wp-content\/uploads\/2021\/11\/asilo.jpg 800w, https:\/\/museobarrioelmorro.cl\/wp-content\/uploads\/2021\/11\/asilo-300x244.jpg 300w, https:\/\/museobarrioelmorro.cl\/wp-content\/uploads\/2021\/11\/asilo-768x624.jpg 768w, https:\/\/museobarrioelmorro.cl\/wp-content\/uploads\/2021\/11\/asilo-120x98.jpg 120w, https:\/\/museobarrioelmorro.cl\/wp-content\/uploads\/2021\/11\/asilo-81x66.jpg 81w\" sizes=\"auto, (max-width: 800px) 100vw, 800px\" \/><\/a><\/div><figcaption><div class=\"portfolio-hover-main text-left\"><div class=\"blog-hover-box vertical-align-bottom\"><span class=\"post-author text-extra-small text-medium-gray display-block margin-5px-bottom xs-margin-5px-bottom text-uppercase\"><span class=\"pofo-blog-post-meta text-extra-small text-medium-gray display-inline-block published vertical-align-middle\">24 Noviembre 2021<\/span><time class=\"updated display-none\" datetime=\"2023-05-22T21:46:38+00:00\">22 Mayo 2023<\/time><span class=\"blog-separator display-inline-block vertical-align-middle\">|<\/span><span class=\"pofo-blog-post-meta text-medium-gray text-extra-small display-inline-block vertical-align-middle\">by <span class=\"author vcard\"><a href=\"https:\/\/museobarrioelmorro.cl\/index.php\/author\/elmorrito\/\" class=\"text-medium-gray url fn n\">admin<\/a><\/span><\/span><\/span><h6 class=\"alt-font display-block text-white font-weight-600 no-margin-bottom\"><a href=\"https:\/\/museobarrioelmorro.cl\/index.php\/2021\/11\/24\/asilo-infancia\/\" class=\"text-white entry-title\">Asilo Infancia<\/a><\/h6><div class=\"text-medium-gray margin-10px-top blog-hover-text entry-content\">A finales del siglo XIX y principios del siglo XX proliferaron en Chile instituciones de...<\/div><\/div><\/div><\/figcaption><\/figure><\/div><\/li><li class=\"grid-item blog-style8-2 padding-5px-all col-md-3 col-sm-6 col-xs-12 \"><div class=\"post-6728 post type-post status-publish format-standard has-post-thumbnail hentry category-postcategory\"><figure><div class=\"blog-img bg-extra-dark-gray\"><a href=\"https:\/\/museobarrioelmorro.cl\/index.php\/2021\/09\/29\/la-travesia-de-lo-humano-en-el-barrio-el-morro\/\"><img loading=\"lazy\" decoding=\"async\" width=\"800\" height=\"650\" src=\"https:\/\/museobarrioelmorro.cl\/wp-content\/uploads\/2021\/09\/travesia-humano-morro.jpg\" class=\"attachment-full size-full wp-post-image\" alt=\"\" title=\"\" srcset=\"https:\/\/museobarrioelmorro.cl\/wp-content\/uploads\/2021\/09\/travesia-humano-morro.jpg 800w, https:\/\/museobarrioelmorro.cl\/wp-content\/uploads\/2021\/09\/travesia-humano-morro-300x244.jpg 300w, https:\/\/museobarrioelmorro.cl\/wp-content\/uploads\/2021\/09\/travesia-humano-morro-768x624.jpg 768w, https:\/\/museobarrioelmorro.cl\/wp-content\/uploads\/2021\/09\/travesia-humano-morro-120x98.jpg 120w, https:\/\/museobarrioelmorro.cl\/wp-content\/uploads\/2021\/09\/travesia-humano-morro-81x66.jpg 81w\" sizes=\"auto, (max-width: 800px) 100vw, 800px\" \/><\/a><\/div><figcaption><div class=\"portfolio-hover-main text-left\"><div class=\"blog-hover-box vertical-align-bottom\"><span class=\"post-author text-extra-small text-medium-gray display-block margin-5px-bottom xs-margin-5px-bottom text-uppercase\"><span class=\"pofo-blog-post-meta text-extra-small text-medium-gray display-inline-block published vertical-align-middle\">29 Septiembre 2021<\/span><time class=\"updated display-none\" datetime=\"2023-05-22T21:46:44+00:00\">22 Mayo 2023<\/time><span class=\"blog-separator display-inline-block vertical-align-middle\">|<\/span><span class=\"pofo-blog-post-meta text-medium-gray text-extra-small display-inline-block vertical-align-middle\">by <span class=\"author vcard\"><a href=\"https:\/\/museobarrioelmorro.cl\/index.php\/author\/elmorrito\/\" class=\"text-medium-gray url fn n\">admin<\/a><\/span><\/span><\/span><h6 class=\"alt-font display-block text-white font-weight-600 no-margin-bottom\"><a href=\"https:\/\/museobarrioelmorro.cl\/index.php\/2021\/09\/29\/la-travesia-de-lo-humano-en-el-barrio-el-morro\/\" class=\"text-white entry-title\">\u201cLa traves\u00eda\u201d de lo humano, en el barrio El Morro<\/a><\/h6><div class=\"text-medium-gray margin-10px-top blog-hover-text entry-content\">Sergio Mart\u00ednez Guti\u00e9rrez Lic. Trabajo Social Mag. en Ciencias Sociales Aplicadas Entrenador de Waterpolo del...<\/div><\/div><\/div><\/figcaption><\/figure><\/div><\/li><\/ul><\/div><\/div><\/div><\/div><\/div><\/section><div class=\"vc_row-full-width vc_clearfix\"><\/div>\n<\/section>","protected":false},"excerpt":{"rendered":"Sergio Mart\u00ednez Guti\u00e9rrez Lic. Trabajo Social Mag. en Ciencias Sociales Aplicadas Entrenador de Waterpolo del Uni\u00f3n Morro Encargado Patrimonial del Club Deportivo Uni\u00f3n Morro \u201cLa traves\u00eda\u201d de lo humano, en el barrio El Morro Introducci\u00f3n Hablar de los morrinos es hablar de tradiciones, de lo importante que es el reconocimiento a la historia, como un motor y factor que forj\u00f3 el barrio y a su gente. Un barrio de clase, de proletariado, de mujeres y hombres pobres que en una b\u00fasqueda permanente del bienestar, crean relaciones humanas que duran hasta el d\u00eda de hoy y que ser\u00e1n cuentos eternos en conversaciones cargadas de an\u00e9cdotas, cada vez que las y los morrinos y morrinas se encuentren o aparezca la pluma ligera de otro Patricio Riveros Olavarr\u00eda. En la pretensi\u00f3n del reconocimiento de lo que somos como barrio, en el deporte, en lo social y cultural, en lo pol\u00edtico, se ha levantado una incipiente conciencia de cierta \u201cmorrinidad\u201d (P.Rivera, S.Martinez, 2011). Ahora bien, lo que nos ha forjado, lo que se ha constituido en nuestra identidad, est\u00e1 cargada de silencios y omisiones de situaciones complejas, que a veces, es mejor no se\u00f1alar, y que tiene que ver con c\u00f3mo los sujetos enfrentamos...","protected":false},"author":1,"featured_media":0,"parent":0,"menu_order":0,"comment_status":"closed","ping_status":"closed","template":"","meta":{"footnotes":""},"class_list":["post-22851","page","type-page","status-publish","hentry"],"_links":{"self":[{"href":"https:\/\/museobarrioelmorro.cl\/index.php\/wp-json\/wp\/v2\/pages\/22851","targetHints":{"allow":["GET"]}}],"collection":[{"href":"https:\/\/museobarrioelmorro.cl\/index.php\/wp-json\/wp\/v2\/pages"}],"about":[{"href":"https:\/\/museobarrioelmorro.cl\/index.php\/wp-json\/wp\/v2\/types\/page"}],"author":[{"embeddable":true,"href":"https:\/\/museobarrioelmorro.cl\/index.php\/wp-json\/wp\/v2\/users\/1"}],"replies":[{"embeddable":true,"href":"https:\/\/museobarrioelmorro.cl\/index.php\/wp-json\/wp\/v2\/comments?post=22851"}],"version-history":[{"count":0,"href":"https:\/\/museobarrioelmorro.cl\/index.php\/wp-json\/wp\/v2\/pages\/22851\/revisions"}],"wp:attachment":[{"href":"https:\/\/museobarrioelmorro.cl\/index.php\/wp-json\/wp\/v2\/media?parent=22851"}],"curies":[{"name":"wp","href":"https:\/\/api.w.org\/{rel}","templated":true}]}}