{"id":23116,"date":"2023-12-06T23:35:44","date_gmt":"2023-12-06T23:35:44","guid":{"rendered":"https:\/\/museobarrioelmorro.cl\/?page_id=23116"},"modified":"2024-01-26T19:46:19","modified_gmt":"2024-01-26T19:46:19","slug":"felix","status":"publish","type":"page","link":"https:\/\/museobarrioelmorro.cl\/index.php\/felix\/","title":{"rendered":"F\u00e9lix Ossa"},"content":{"rendered":"<section class=\"wpb-content-wrapper\"><section class=\"vc_row wpb_row vc_row-fluid\"><div class=\"wpb_column vc_column_container vc_col-sm-12  col-xs-mobile-fullwidth\"><div class=\"vc_column-inner \"><div class=\"wpb_wrapper\">[vc_video link=&#8221;https:\/\/vimeo.com\/891970336&#8243;][vc_empty_space]<div class=\"last-paragraph-no-margin\"><p><span style=\"font-weight: 400;\">Bien sabido es, que una persona nacida en el barrio El Morro no se puede indicar a s\u00ed misma como morrino, si no sabe nadar, por eso cuentan en el barrio, que desde los seis o siete a\u00f1os ya est\u00e1n nadando y jugueteando como ping\u00fcinos en las aguas de Bellavista.\u00a0<\/span><\/p>\n<p><span style=\"font-weight: 400;\">F\u00e9lix Ossa, de 73 a\u00f1os, dirigente emblem\u00e1tico del Club Deportivo Uni\u00f3n Morro , presidente de la instituci\u00f3n por m\u00e1s de ocho a\u00f1os y criado en calle Covadonga N\u00b01070, afirma sin dudar, que la relaci\u00f3n entre el mar y el deporte est\u00e1 en la fibra m\u00e1s \u00edntima de los nacidos en este sector de la ciudad, tanto as\u00ed, que, desde los cinco a\u00f1os, dice, ya estaban jugando a \u201cpata pel\u00e1\u201d sus primeros partidos en las canchas de alquitr\u00e1n y que, para sacarse el sudor de la pichanga, el piquero en la playa -la piscina de barrio- era la obligaci\u00f3n.<\/span><\/p>\n<p><span style=\"font-weight: 400;\">Es as\u00ed como la vida de F\u00e9lix se lig\u00f3 al deporte y a su querido Club Uni\u00f3n Morro, primero como deportista y luego dirigente. Su trayectoria, hace que no esconda el orgullo al afirmar que fue tuvo el privilegio de defender la albiceleste iquique\u00f1a junto a un a crack del b\u00e1squetbol nacional, como Lorenzo \u201cEl Negro\u201d Pardo y que, adem\u00e1s, fue entrenado por el hist\u00f3rico director t\u00e9cnico y cronista, Ra\u00fal Duarte, ambos morrinos y reconocidos hinchas del centenario club deportivo.\u00a0<\/span><\/p>\n<p><span style=\"font-weight: 400;\">Por eso, Ossa vibra con el legado de los que lo antecedieron, mujeres y hombres, madres, padres y familias que fueron haciendo grande al club a pulso; por eso tambi\u00e9n saca pecho con los palmares repletos de copas, medallas y fotograf\u00edas de equipos que marcaron la historia de Uni\u00f3n Morro, cuya sede, donde se exhiben una infinidad de trofeos, fue levantada donde actualmente est\u00e1, frente a Bellavista, por los propios socios y vecinos en 1944.\u00a0<\/span><\/p>\n<p><span style=\"font-weight: 400;\">Esfuerzos que hac\u00eda la dirigencia en esos a\u00f1os para hacer competitivos a sus deportistas, que rememora, hicieron que Uni\u00f3n Morro disputase, ah\u00ed mismo en su cancha, partidazos con rivales de la capital como Colo-Colo o la Cat\u00f3lica. En esos tiempos, comenta F\u00e9lix, vistiendo una camiseta bordada por los internos de la antigua c\u00e1rcel de Iquique, ubicada en calle Wilson.<\/span><\/p>\n<p><span style=\"font-weight: 400;\">Aun as\u00ed, el prometedor futuro deportivo de barrio, asegura, estuvo siempre aparejado a la pobreza, una realidad que afectaba a gran parte de la ciudad a mediados de los 50. El dirigente habla de calles de tierra, casas de calamina y veredas de madera en calle Souper, Pedro Lagos, Covadonga e Isaza; de ni\u00f1os, que como \u00e9l, a sus 15 a\u00f1os, debieron r\u00e1pidamente irse a trabajar a la pesquera para traer comida a la mesa de su familia.<\/span><\/p>\n<p><span style=\"font-weight: 400;\">Pero a pesar de las dificultades que imperaban por esa \u00e9poca en El Morro, la picard\u00eda de sus vecinos lograba siempre imponerse. Estudiantes de la Escuela N\u00b03 que iban a mariscar en los recreos y volv\u00edan a clases mojados, pichangas de 20 jugadores por lado con pelotazos que romp\u00edan los vidrios del policl\u00ednico de un regimiento y una lista sin t\u00e9rmino de sobrenombres esparcidos entre las calles del barrio, son, junto a la a\u00f1oranza de la antigua vida vecinal, el cabo que sigue uniendo los morrinos.\u00a0<\/span><\/p>\n<p><span style=\"font-weight: 400;\">\u201cLa vieja de los gatos\u201d, \u201cEl viejo lapa\u201d, \u201cPitigallo\u201d, \u201cPaizoca\u201d, \u201cJuanacaya\u201d, \u201cLa Turca Juana\u201d, \u201cchonape\u201d \u201cChati Checura\u201d \u201cLos Plater\u201d, \u201cCachet\u00f3n Maldonado\u201d, \u201cJorojo\u201d, \u201cCoyo Coyo\u201d, \u201cPerico\u201d, \u201cPich\u00f3n\u201d, \u201cChanaya\u201d, \u201cGato\u201d, son algunos de los que F\u00e9lix recuerda a la primera. \u201cAc\u00e1 todos ten\u00edan sobrenombre\u201d, dice.<\/span><\/p>\n<p><span style=\"font-weight: 400;\">Mientras que, en lo deportivo, todos colaboraban, indistintamente, para que la Estrella Solitaria de El Morro siguiera en los primeros puestos en las competencias locales. Con tarros de at\u00fan que tra\u00edan los trabajadores de las pesqueras se hac\u00edan sanguches para todo el equipo; el pap\u00e1 que ten\u00eda un cami\u00f3n se transformaba en el chofer oficial del club cuando hab\u00eda que ir a disputar partidos a Cavancha o al Colorado; vecinos que sal\u00edan a recaudar socios y a cobrar cuotas golpeando todas las puertas del barrio. Un empuje que era imposible que no trajera resultados.\u00a0<\/span><\/p>\n<p><span style=\"font-weight: 400;\">Entonces, claramente, F\u00e9lix Ossa, es el indicado para contar c\u00f3mo era la vida vecinal y deportiva en los tiempos de oro de El Morro, un punto obligado en la historia contempor\u00e1nea de la ciudad, que invita a conocer c\u00f3mo se viv\u00eda en los barrios de Iquique hace m\u00e1s de 60 a\u00f1os y comprender c\u00f3mo el deporte se transform\u00f3 en el entretenimiento, la esperanza y el emblema de ni\u00f1os, ni\u00f1as, j\u00f3venes y familias en tiempos muy dif\u00edciles.\u00a0<\/span><\/p>\n<p><br style=\"font-weight: 400;\" \/><br style=\"font-weight: 400;\" \/><\/p>\n<p style=\"text-align: center;\"><b>&#8220;MEMORIAS MORRINAS ES UN PROYECTO FINANCIADO POR EL MINISTERIO DE LAS CULTURAS, LAS ARTES Y EL PATRIMONIO&#8221;<\/b><\/p>\n<p>&nbsp;<\/p>\n<\/div>[vc_single_image image=&#8221;23173&#8243; img_size=&#8221;medium&#8221; alignment=&#8221;center&#8221;]<\/div><\/div><\/div><\/section>\n<\/section>","protected":false},"excerpt":{"rendered":"[vc_video link=\"https:\/\/vimeo.com\/891970336\"][vc_empty_space]Bien sabido es, que una persona nacida en el barrio El Morro no se puede indicar a s\u00ed misma como morrino, si no sabe nadar, por eso cuentan en el barrio, que desde los seis o siete a\u00f1os ya est\u00e1n nadando y jugueteando como ping\u00fcinos en las aguas de Bellavista.\u00a0 F\u00e9lix Ossa, de 73 a\u00f1os, dirigente emblem\u00e1tico del Club Deportivo Uni\u00f3n Morro , presidente de la instituci\u00f3n por m\u00e1s de ocho a\u00f1os y criado en calle Covadonga N\u00b01070, afirma sin dudar, que la relaci\u00f3n entre el mar y el deporte est\u00e1 en la fibra m\u00e1s \u00edntima de los nacidos en este sector de la ciudad, tanto as\u00ed, que, desde los cinco a\u00f1os, dice, ya estaban jugando a \u201cpata pel\u00e1\u201d sus primeros partidos en las canchas de alquitr\u00e1n y que, para sacarse el sudor de la pichanga, el piquero en la playa -la piscina de barrio- era la obligaci\u00f3n. Es as\u00ed como la vida de F\u00e9lix se lig\u00f3 al deporte y a su querido Club Uni\u00f3n Morro, primero como deportista y luego dirigente. Su trayectoria, hace que no esconda el orgullo al afirmar que fue tuvo el privilegio de defender la albiceleste iquique\u00f1a junto a un a crack del b\u00e1squetbol...","protected":false},"author":1,"featured_media":0,"parent":0,"menu_order":0,"comment_status":"closed","ping_status":"closed","template":"","meta":{"footnotes":""},"class_list":["post-23116","page","type-page","status-publish","hentry"],"_links":{"self":[{"href":"https:\/\/museobarrioelmorro.cl\/index.php\/wp-json\/wp\/v2\/pages\/23116","targetHints":{"allow":["GET"]}}],"collection":[{"href":"https:\/\/museobarrioelmorro.cl\/index.php\/wp-json\/wp\/v2\/pages"}],"about":[{"href":"https:\/\/museobarrioelmorro.cl\/index.php\/wp-json\/wp\/v2\/types\/page"}],"author":[{"embeddable":true,"href":"https:\/\/museobarrioelmorro.cl\/index.php\/wp-json\/wp\/v2\/users\/1"}],"replies":[{"embeddable":true,"href":"https:\/\/museobarrioelmorro.cl\/index.php\/wp-json\/wp\/v2\/comments?post=23116"}],"version-history":[{"count":4,"href":"https:\/\/museobarrioelmorro.cl\/index.php\/wp-json\/wp\/v2\/pages\/23116\/revisions"}],"predecessor-version":[{"id":23189,"href":"https:\/\/museobarrioelmorro.cl\/index.php\/wp-json\/wp\/v2\/pages\/23116\/revisions\/23189"}],"wp:attachment":[{"href":"https:\/\/museobarrioelmorro.cl\/index.php\/wp-json\/wp\/v2\/media?parent=23116"}],"curies":[{"name":"wp","href":"https:\/\/api.w.org\/{rel}","templated":true}]}}